2, 5, 59
List the prime factors of 1023.
3, 11, 31
List the prime factors of 7656.
2, 3, 11, 29
What are the prime factors of 3807?
3, 47
What are the prime factors of 6073?
6073
List the prime factors of 5315.
5, 1063
List the prime factors of 328.
2, 41
What are the prime factors of 978?
2, 3, 163
What are the prime factors of 1449?
3, 7, 23
List the prime factors of 674.
2, 337
List the prime factors of 1469.
13, 113
What are the prime factors of 1353?
3, 11, 41
What are the prime factors of 537?
3, 179
List the prime factors of 43080.
2, 3, 5, 359
What are the prime factors of 6759?
3, 751
What are the prime factors of 133237?
13, 37, 277
List the prime factors of 3833.
3833
List the prime factors of 1404.
2, 3, 13
List the prime factors of 166.
2, 83
List the prime factors of 6372.
2, 3, 59
List the prime factors of 52400.
2, 5, 131
What are the prime factors of 6918?
2, 3, 1153
What are the prime factors of 1886?
2, 23, 41
List the prime factors of 920.
2, 5, 23
What are the prime factors of 3256?
2, 11, 37
What are the prime factors of 22872?
2, 3, 953
List the prime factors of 1715.
5, 7
What are the prime factors of 11126?
2, 5563
What are the prime factors of 499?
499
What are the prime factors of 14819?
7, 29, 73
List the prime factors of 115223.
115223
List the prime factors of 1033.
1033
List the prime factors of 2274.
2, 3, 379
List the prime factors of 4341.
3, 1447
List the prime factors of 19520.
2, 5, 61
List the prime factors of 377.
13, 29
What are the prime factors of 15286?
2, 7643
List the prime factors of 59.
59
List the prime factors of 12153.
3, 4051
What are the prime factors of 21950?
2, 5, 439
List the prime factors of 4868.
2, 1217
List the prime factors of 84419.
29, 41, 71
What are the prime factors of 1941?
3, 647
List the prime factors of 1864.
2, 233
List the prime factors of 3717.
3, 7, 59
List the prime factors of 368.
2, 23
List the prime factors of 6945.
3, 5, 463
What are the prime factors of 3989?
3989
List the prime factors of 36948.
2, 3, 3079
List the prime factors of 2161.
2161
What are the prime factors of 13234?
2, 13, 509
List the prime factors of 11755.
5, 2351
What are the prime factors of 189380?
2, 5, 17, 557
List the prime factors of 415.
5, 83
List the prime factors of 9483.
3, 29, 109
List the prime factors of 228.
2, 3, 19
What are the prime factors of 1244?
2, 311
What are the prime factors of 3483?
3, 43
What are the prime factors of 15548?
2, 13, 23
List the prime factors of 39519.
3, 4391
What are the prime factors of 11180?
2, 5, 13, 43
List the prime factors of 3254.
2, 1627
List the prime factors of 383.
383
What are the prime factors of 4839?
3, 1613
List the prime factors of 5159.
7, 11, 67
What are the prime factors of 96?
2, 3
List the prime factors of 1519.
7, 31
What are the prime factors of 22863?
3, 7621
What are the prime factors of 15059?
11, 37
What are the prime factors of 15322?
2, 47, 163
What are the prime factors of 34412?
2, 7, 1229
List the prime factors of 1349.
19, 71
List the prime factors of 3100.
2, 5, 31
What are the prime factors of 1918?
2, 7, 137
What are the prime factors of 1209?
3, 13, 31
List the prime factors of 61634.
2, 30817
What are the prime factors of 1730?
2, 5, 173
List the prime factors of 2681.
7, 383
What are the prime factors of 102185?
5, 107, 191
List the prime factors of 55024.
2, 19, 181
What are the prime factors of 3403?
41, 83
What are the prime factors of 88217?
19, 4643
What are the prime factors of 23542?
2, 79, 149
What are the prime factors of 180?
2, 3, 5
What are the prime factors of 83396?
2, 20849
What are the prime factors of 445?
5, 89
List the prime factors of 94077.
3, 10453
List the prime factors of 14109.
3, 4703
List the prime factors of 167.
167
What are the prime factors of 169791?
3, 56597
What are the prime factors of 3600?
2, 3, 5
What are the prime factors of 124354?
2, 97, 641
What are the prime factors of 1312?
2, 41
List the prime factors of 17342.
2, 13, 23, 29
List the prime factors of 776.
2, 97
What are the prime factors of 819?
3, 7, 13
What are the prime factors of 2944?
2, 23
What are the prime factors of 1279?
1279
List the prime factors of 3147.
3, 1049
What are the prime factors of 918?
2, 3, 17
What are the prime factors of 11924?
2, 11, 271
List the prime factors of 1368.
2, 3, 19
List the prime factors of 280.
2, 5, 7
What are the prime factors of 813?
3, 271
List the prime factors of 125974.
2, 62987
What are the prime factors of 17730?
2, 3, 5, 197
What are the prime factors of 6566?
2, 7, 67
List the prime factors of 3518.
2, 1759
What are the prime factors of 5358?
2, 3, 19, 47
List the prime factors of 1558.
2, 19, 41
List the prime factors of 4654.
2, 13, 179
List the prime factors of 5925.
3, 5, 79
List the prime factors of 125701.
337, 373
What are the prime factors of 65053?
65053
List the prime factors of 1856.
2, 29
What are the prime factors of 18028?
2, 4507
List the prime factors of 8152.
2, 1019
What are the prime factors of 57514?
2, 149, 193
What are the prime factors of 7992?
2, 3, 37
List the prime factors of 236.
2, 59
List the prime factors of 2238.
2, 3, 373
List the prime factors of 16276.
2, 13, 313
What are the prime factors of 842?
2, 421
List the prime factors of 93821.
7, 13, 1031
List the prime factors of 612.
2, 3, 17
List the prime factors of 28315.
5, 7, 809
List the prime factors of 356.
2, 89
What are the prime factors of 107951?
107951
What are the prime factors of 12748?
2, 3187
What are the prime factors of 329?
7, 47
What are the prime factors of 1592?
2, 199
List the prime factors of 5579.
7, 797
List the prime factors of 4685.
5, 937
List the prime factors of 16975.
5, 7, 97
List the prime factors of 2218.
2, 1109
What are the prime factors of 641?
641
What are the prime factors of 141577?
31, 4567
List the prime factors of 106.
2, 53
List the prime factors of 79990.
2, 5, 19, 421
What are the prime factors of 45663?
3, 31, 491
What are the prime factors of 1318?
2, 659
List the prime factors of 31117.
29, 37
What are the prime factors of 1687?
7, 241
What are the prime factors of 68302?
2, 13, 37, 71
What are the prime factors of 9762?
2, 3, 1627
List the prime factors of 3217.
3217
What are the prime factors of 47458?
2, 61, 389
List the prime factors of 52598.
2, 7, 13, 17
List the prime factors of 4668.
2, 3, 389
What are the prime factors of 20071?
20071
What are the prime factors of 170?
2, 5, 17
List the prime factors of 7288.
2, 911
List the prime factors of 12759.
3, 4253
List the prime factors of 3.
3
List the prime factors of 2501.
41, 61
List the prime factors of 12565.
5, 7, 359
List the prime factors of 37311.
3, 12437
What are the prime factors of 19651?
43, 457
List the prime factors of 12565.
5, 7, 359
What are the prime factors of 25638?
2, 3, 4273
What are the prime factors of 1404?
2, 3, 13
What are the prime factors of 5652?
2, 3, 157
List the prime factors of 518.
2, 7, 37
List the prime factors of 109857.
3, 11, 3329
What are the prime factors of 10679?
59, 181
List the prime factors of 1244.
2, 311
What are the prime factors of 8908?
2, 17, 131
List the prime factors of 65478.
2, 3, 7, 1559
What are the prime factors of 656?
2, 41
List the prime factors of 5752.
2, 719
List the prime factors of 449.
449
What are the prime factors of 437?
19, 23
What are the prime factors of 371?
7, 53
What are the prime factors of 66790?
2, 5, 6679
What are the prime factors of 599?
599
List the prime factors of 289.
17
What are the prime factors of 29736?
2, 3, 7, 59
What are the prime factors of 7503?
3, 41, 61
List the prime factors of 21960.
2, 3, 5, 61
List the prime factors of 27156.
2, 3, 31, 73
List the prime factors of 56.
2, 7
What are the prime factors of 146849?
146849
What are the prime factors of 794?
2, 397
What are the prime factors of 238?
2, 7, 17
List the prime factors of 3036.
2, 3, 11, 23
List the prime factors of 420.
2, 3, 5, 7
List the prime factors of 5193.
3, 577
List the prime factors of 2606.
2, 1303
What are the prime factors of 17603?
29, 607
List the prime factors of 5345.
5, 1069
What are the prime factors of 4506?
2, 3, 751
What are the prime factors of 2132?
2, 13, 41
List the prime factors of 849.
3, 283
List